{"id":1033,"date":"2012-07-10T10:03:40","date_gmt":"2012-07-10T10:03:40","guid":{"rendered":"http:\/\/www.antoniocorbo.it\/?page_id=1033"},"modified":"2012-07-10T10:03:40","modified_gmt":"2012-07-10T10:03:40","slug":"giovanni-anziani","status":"publish","type":"page","link":"https:\/\/www.antoniocorbo.it\/en\/giovanni-anziani\/","title":{"rendered":"Giovanni Anziani"},"content":{"rendered":"<p>Una mostra di pittura. Un artista campobassano non nuovo a tali manifestazioni; un impegno per la cultura e per offrire alla citt\u00e0 una occasione per riflettere sul proprio futuro.<\/p>\n<p>Questo il significato della mostra intitolata \u201cPercorsi paralleli\u201d inaugurata il 4 novembre presso la sala AxA di Palladino Company. Mostra personale di Antonio Corbo, non nuovo a questi appuntamenti culturali. Ricordiamo le ultime esposizioni di quadri: alla Galleria d\u2019Arte vico Persichillo a Campobasso (2009) e sempre nel 2009 al Move Art come mostra collettiva di beneficenza; nel 2010 in Olanda al Raadhuis di Heemstede, palazzo municipale. Infine nel 2011 due mostre: all\u2019ex Circolo Sannitico di Campobasso (mostra collettiva di beneficenza della Caritas) e ancora in Olanda (giugno\/luglio) ad Haarlem presso \u201cDe Galerie\u201d Spierenburg, come mostra personale.<\/p>\n<p>Quale la storia di questo artista campobassano? In una nostra intervista egli ci ha raccontato il percorso della sua formazione sia come pittore sia come poeta partendo dalle prime mostre pittoriche negli anni \u201960 caratterizzati dalla volont\u00e0 di contribuire con l\u2019arte sia a denunciare le ingiustizie di quegli anni sia a legarsi a quella parte della popolazione pi\u00f9 emarginata. I temi sono quelli del dolore universale dell\u2019uomo, della fame nel mondo, del razzismo e della lotta antirazzista (ci racconta di una sua opera d\u2019arte pittorica dopo l\u2019uccisione di Martin Luther King).<\/p>\n<p>Gli chiediamo i motivi di questa particolare attenzione ai temi della giustizia sociale. Ci risponde ricordando la vita famigliare con il padre operaio nelle ferrovie (a Mestre-Venezia finito ingiustamente in galera durante la dittatura fascita); l\u2019appartenenza alla Chiesa valdese (una realt\u00e0 cristiana di minoranza e nel passato sempre discriminata); l\u2019impegno nel sindacato CGIL, con la direzione di importanti categorie e anche con incarichi nazionali.<\/p>\n<p>Tutto questo percorso \u00e8 sfociato, possiamo dire, in una grande passione per l\u2019arte che spazia dalla poesia alla pittura, ma anche dalla pittura alla poesia. Il legame strettissimo tra queste due forme cos\u00ec apparentemente tanto diverse costituisce il tema della mostra \u201cPercorsi paralleli\u201d. Come ha scritto Gianni Spallone nella presentazione del Catalogo e nel suo intervento critico all\u2019inaugurazione della mostra: [\u2026] in omaggio alla collateralit\u00e0 di queste due arti. E si sa che [\u2026] a partire dal \u201cdictum\u201d di Orazio \u201cut pictura poesis\u201d che la base teorica del rapporto tra pittura e poesia penetra nelle loro rispettive pratiche, e nei tratti letterari e pittorici, per accamparvisi e giungere stabilmente, pur tra una disputa e l\u2019altra, fino ai nostri giorni, passando \u2013 \u00e8 bene ricordarlo facendo solo due nome famosi \u2013 per Michelangelo e Carlo Levi. [\u2026]<\/p>\n<p>Ci piace trascrivere il giudizio sull\u2019opera di Antonio Corbo scritta da Stefano Levi Della Torre (saggista, filosofo e pittore ebreo di Milano): \u2026 le tue poesie dicono quanto un pittore cerca nel visibile l\u2019invisibile, nella materia una trascendenza \u2026<\/p>\n<p>\u00c8 dialogo tra poesia e pittura, e Antonio Corbo si confessa affermando che quando sopraggiunge un\u2019ispirazione non sa se deve prendere \u201ccarta e penna\u201d oppure \u201cpennelli e tavolozza\u201d!<\/p>\n<p>Torniamo alla mostra di Campobasso. Tema dominante ci \u00e8 sembrato essere l\u2019origine del mondo dal \u201cbig-bang\u201d alle prime forme di vita raffigurate nei tanti astri, nella luna, nel sole nascente di un nuovo giorno (mai vi \u00e8 una raffigurazione del tramonto!) e nelle sue aurore. Un altro tema ci \u00e8 sembrato importante sottolineare: il legame con il Molise (oltre a diversi \u201comaggi\u201d all\u2019Olanda!) e al suo territorio naturalistico: la neve, gli alberi, \u201calberi solitari che incontrano il destino dell\u2019uomo\u201d, come ha affermato un visitatore.<\/p>\n<p>Una mostra importante da visitare perch\u00e9 non \u00e8 destinata solo agli esperti, ma proprio a tutti noi, cittadini di questa citt\u00e0 cos\u00ec bisognosi di essere nutriti da un messaggio caldo di libert\u00e0, di speranza e di responsabilit\u00e0 per il nostro futuro.<\/p>\n<p>&nbsp;<\/p>\n<p>Giovanni Anziani<\/p>\n","protected":false},"excerpt":{"rendered":"<p>Una mostra di pittura. Un artista campobassano non nuovo a tali manifestazioni; un impegno per la cultura e per offrire alla citt\u00e0 una occasione per riflettere sul proprio futuro. Questo il significato della mostra intitolata \u201cPercorsi paralleli\u201d inaugurata il 4 novembre presso la sala AxA di Palladino Company. Mostra personale di Antonio Corbo, non nuovo [&hellip;]<\/p>\n","protected":false},"author":2,"featured_media":0,"parent":0,"menu_order":0,"comment_status":"open","ping_status":"open","template":"","meta":{"_et_pb_use_builder":"","_et_pb_old_content":"","_et_gb_content_width":"","footnotes":""},"class_list":["post-1033","page","type-page","status-publish","hentry"],"_links":{"self":[{"href":"https:\/\/www.antoniocorbo.it\/en\/wp-json\/wp\/v2\/pages\/1033","targetHints":{"allow":["GET"]}}],"collection":[{"href":"https:\/\/www.antoniocorbo.it\/en\/wp-json\/wp\/v2\/pages"}],"about":[{"href":"https:\/\/www.antoniocorbo.it\/en\/wp-json\/wp\/v2\/types\/page"}],"author":[{"embeddable":true,"href":"https:\/\/www.antoniocorbo.it\/en\/wp-json\/wp\/v2\/users\/2"}],"replies":[{"embeddable":true,"href":"https:\/\/www.antoniocorbo.it\/en\/wp-json\/wp\/v2\/comments?post=1033"}],"version-history":[{"count":0,"href":"https:\/\/www.antoniocorbo.it\/en\/wp-json\/wp\/v2\/pages\/1033\/revisions"}],"wp:attachment":[{"href":"https:\/\/www.antoniocorbo.it\/en\/wp-json\/wp\/v2\/media?parent=1033"}],"curies":[{"name":"wp","href":"https:\/\/api.w.org\/{rel}","templated":true}]}}

<p>Una mostra di pittura. Un artista campobassano non nuovo a tali manifestazioni; un impegno per la cultura e per offrire alla città una occasione per riflettere sul proprio futuro.</p>
<p>Questo il significato della mostra intitolata “Percorsi paralleli” inaugurata il 4 novembre presso la sala AxA di Palladino Company. Mostra personale di Antonio Corbo, non nuovo a questi appuntamenti culturali. Ricordiamo le ultime esposizioni di quadri: alla Galleria d’Arte vico Persichillo a Campobasso (2009) e sempre nel 2009 al Move Art come mostra collettiva di beneficenza; nel 2010 in Olanda al Raadhuis di Heemstede, palazzo municipale. Infine nel 2011 due mostre: all’ex Circolo Sannitico di Campobasso (mostra collettiva di beneficenza della Caritas) e ancora in Olanda (giugno/luglio) ad Haarlem presso “De Galerie” Spierenburg, come mostra personale.</p>
<p>Quale la storia di questo artista campobassano? In una nostra intervista egli ci ha raccontato il percorso della sua formazione sia come pittore sia come poeta partendo dalle prime mostre pittoriche negli anni ’60 caratterizzati dalla volontà di contribuire con l’arte sia a denunciare le ingiustizie di quegli anni sia a legarsi a quella parte della popolazione più emarginata. I temi sono quelli del dolore universale dell’uomo, della fame nel mondo, del razzismo e della lotta antirazzista (ci racconta di una sua opera d’arte pittorica dopo l’uccisione di Martin Luther King).</p>
<p>Gli chiediamo i motivi di questa particolare attenzione ai temi della giustizia sociale. Ci risponde ricordando la vita famigliare con il padre operaio nelle ferrovie (a Mestre-Venezia finito ingiustamente in galera durante la dittatura fascita); l’appartenenza alla Chiesa valdese (una realtà cristiana di minoranza e nel passato sempre discriminata); l’impegno nel sindacato CGIL, con la direzione di importanti categorie e anche con incarichi nazionali.</p>
<p>Tutto questo percorso è sfociato, possiamo dire, in una grande passione per l’arte che spazia dalla poesia alla pittura, ma anche dalla pittura alla poesia. Il legame strettissimo tra queste due forme così apparentemente tanto diverse costituisce il tema della mostra “Percorsi paralleli”. Come ha scritto Gianni Spallone nella presentazione del Catalogo e nel suo intervento critico all’inaugurazione della mostra: […] in omaggio alla collateralità di queste due arti. E si sa che […] a partire dal “dictum” di Orazio “ut pictura poesis” che la base teorica del rapporto tra pittura e poesia penetra nelle loro rispettive pratiche, e nei tratti letterari e pittorici, per accamparvisi e giungere stabilmente, pur tra una disputa e l’altra, fino ai nostri giorni, passando – è bene ricordarlo facendo solo due nome famosi – per Michelangelo e Carlo Levi. […]</p>
<p>Ci piace trascrivere il giudizio sull’opera di Antonio Corbo scritta da Stefano Levi Della Torre (saggista, filosofo e pittore ebreo di Milano): … le tue poesie dicono quanto un pittore cerca nel visibile l’invisibile, nella materia una trascendenza …</p>
<p>È dialogo tra poesia e pittura, e Antonio Corbo si confessa affermando che quando sopraggiunge un’ispirazione non sa se deve prendere “carta e penna” oppure “pennelli e tavolozza”!</p>
<p>Torniamo alla mostra di Campobasso. Tema dominante ci è sembrato essere l’origine del mondo dal “big-bang” alle prime forme di vita raffigurate nei tanti astri, nella luna, nel sole nascente di un nuovo giorno (mai vi è una raffigurazione del tramonto!) e nelle sue aurore. Un altro tema ci è sembrato importante sottolineare: il legame con il Molise (oltre a diversi “omaggi” all’Olanda!) e al suo territorio naturalistico: la neve, gli alberi, “alberi solitari che incontrano il destino dell’uomo”, come ha affermato un visitatore.</p>
<p>Una mostra importante da visitare perché non è destinata solo agli esperti, ma proprio a tutti noi, cittadini di questa città così bisognosi di essere nutriti da un messaggio caldo di libertà, di speranza e di responsabilità per il nostro futuro.</p>
<p>&nbsp;</p>
<p>Giovanni Anziani</p>

<p>Una mostra di pittura. Un artista campobassano non nuovo a tali manifestazioni; un impegno per la cultura e per offrire alla città una occasione per riflettere sul proprio futuro. Questo il significato della mostra intitolata “Percorsi paralleli” inaugurata il 4 novembre presso la sala AxA di Palladino Company. Mostra personale di Antonio Corbo, non nuovo [&hellip;]</p>
